07
Let m(f) = -f**3 + 13*f**2 - 16*f + 127. Determine m(11).
193
Let b(c) = -83*c - 3980. What is b(-48)?
4
Let n(w) = -40*w + 3. What is n(1)?
-37
Let l(v) = v**3 + 15*v**2 + 27*v - 30. Give l(-13).
-43
Let a(s) = -s**2 - 102*s - 1702. What is a(-21)?
-1
Let b(f) = -8*f**2 + 125*f - 474. Determine b(10).
-24
Let b(j) = -11*j - 404. Determine b(-32).
-52
Let z(p) = 2*p**2 + 45*p - 651. Determine z(10).
-1
Let q(n) = -n**3 + 5*n**2 + 11*n - 18. Determine q(7).
-39
Let a(f) = 2152*f - 36579. Calculate a(17).
5
Let g(b) = b**2 - 98*b + 728. Calculate g(8).
8
Let u(k) = k**3 - 10*k**2 + 11*k + 45. Give u(8).
5
Let b(h) = h**2 - h - 8. What is b(-3)?
4
Let c(y) = 16*y + 133. Give c(-5).
53
Let c(k) = k**3 - 18*k**2 - 19*k - 23. Calculate c(19).
-23
Let h(l) = l**2 + 80*l + 202. Determine h(-79).
123
Let w(x) = -124*x - 165. Calculate w(-6).
579
Let i(a) = 2*a**3 - 32*a**2 + 14*a + 54. Determine i(15).
-186
Let p(b) = -b**3 + 35*b**2 - 274*b + 290. Calculate p(24).
50
Let n(t) = 18767*t - 112598. What is n(6)?
4
Let p(g) = -21*g - 20. Give p(1).
-41
Let h(x) = 669*x + 3447. Give h(-5).
102
Let j(l) = -l**3 - 66*l**2 - 160*l - 62. Determine j(-2).
2
Let h(m) = 3*m**3 + 2*m**2 + 6. Determine h(3).
105
Let t(f) = f**2 - 29*f - 6755. Give t(-69).
7
Let s(o) = 143*o**3 + o**2 - 2*o + 1. Give s(1).
143
Let s(v) = -v**3 + 13*v**2 - 48*v + 105. Calculate s(9).
-3
Let p(t) = -38*t - 206. Give p(0).
-206
Let l(s) = 8*s**2 + 174*s - 394. Determine l(-24).
38
Let k(z) = -z**2 + 77*z - 1461. Calculate k(43).
1
Let o(t) = -48*t + 40. Give o(6).
-248
Let r(w) = 204*w - 1251. Calculate r(6).
-27
Let j(m) = m**2 - 17*m - 540. Give j(33).
-12
Let v(q) = -q**3 - 9*q**2 - 23*q - 59. Determine v(-7).
4
Let v(i) = 163*i - 2374. Give v(15).
71
Let o(j) = -277*j**3 + 11*j + 12. Give o(-1).
278
Let v(k) = 18*k**2 - 667*k + 1. Calculate v(37).
-36
Let t(y) = 12*y + 7. Calculate t(-1).
-5
Let m(w) = -w**3 + 36*w**2 - 256*w - 22. Determine m(9).
-139
Let f(q) = 80*q - 1522. Calculate f(24).
398
Let r(q) = 26*q**2 - 282*q + 38. Determine r(11).
82
Let z(q) = -10*q**2 - 131*q + 39. Determine z(-16).
-425
Let b(j) = 3*j - 36. Determine b(12).
0
Let r(q) = -q**3 + 10*q**2 + 71*q - 511. Give r(10).
199
Let j(f) = f**3 + 16*f**2 - 38*f - 362. Give j(-17).
-5
Let z(w) = -460*w + 3673. What is z(8)?
-7
Let j(l) = 3*l**2 + 173*l - 940. Give j(5).
0
Let i(n) = 1221*n - 6108. What is i(5)?
-3
Let u(i) = 29*i - 3224. What is u(114)?
82
Let l(w) = -w**3 - 54*w**2 + 12*w + 198. Determine l(-54).
-450
Let g(w) = -w**3 + 4*w**2 + 14*w - 17. Determine g(6).
-5
Let x(v) = -v**3 - v**2 + 32*v + 66. Calculate x(-2).
6
Let q(v) = 34*v - 270. Determine q(6).
-66
Let g(a) = 2*a**2 - 4*a + 3. Calculate g(-10).
243
Let n(r) = 2*r**3 - 223*r**2 - 115*r + 343. Give n(112).
7
Let w(d) = -372*d - 5948. Give w(-16).
4
Let z(a) = 12*a**2 + 396*a - 46. What is z(-33)?
-46
Let b(z) = -z**2 - 691*z - 77958. Calculate b(-142).
0
Let g(v) = v**2 - 38*v + 327. Give g(25).
2
Let d(m) = -4*m - 1055. Calculate d(-122).
-567
Let a(k) = k**3 - 51*k**2 + 115*k + 244. Determine a(49).
1077
Let q(w) = -14*w**2 - 111*w + 1. Calculate q(-8).
-7
Let m(r) = -r**2 + 13*r - 19. Give m(3).
11
Let q(o) = 14*o**2 + 3*o + 8. Calculate q(-2).
58
Let b(w) = -9*w**3 - 73*w**2 + 41*w + 401. Give b(-8).
9
Let n(i) = -2*i**3 - 16*i**2 + 20*i + 4. Give n(-9).
-14
Let k(x) = x**2 - 15*x - 13358. Calculate k(123).
-74
Let u(z) = -z**2 - 1009*z + 10200. Calculate u(10).
10
Let l(u) = 97*u**2 + 783*u + 60. Calculate l(-8).
4
Let f(p) = 421*p**2 + 19367*p + 46. Calculate f(-46).
0
Let i(p) = -27*p + 255. Give i(11).
-42
Let w(l) = l**2 + 20*l - 79. Give w(-28).
145
Let r(b) = 4*b**2 - 504*b + 3. Calculate r(126).
3
Let j(z) = -z**3 - 86*z**2 - 758*z + 158. Determine j(-76).
6
Let n(l) = -58*l - 1157. What is n(-20)?
3
Let t(o) = 3*o**3 - 7*o**2 - 63*o + 142. Calculate t(2).
12
Let h(d) = 17*d + 46. Calculate h(-4).
-22
Let t(y) = 10454*y + 12. Determine t(0).
12
Let x(o) = o**3 - 14*o**2 + 25*o - 33. Determine x(13).
123
Let n(j) = -966*j + 9682. Calculate n(10).
22
Let u(y) = -y**3 - 202*y**2 - 197*y + 798. Determine u(-201).
-6
Let g(l) = -11*l**3 - 199*l**2 - 8*l + 179. Give g(-18).
-1
Let u(n) = -115*n - 8640. What is u(-75)?
-15
Let m(x) = -2*x - 91. Calculate m(-36).
-19
Let q(n) = 5*n**3 - 34*n**2 - 3*n - 2. What is q(5)?
-242
Let b(f) = 6*f**3 - 21*f + 33. Calculate b(2).
39
Let x(a) = 345*a - 47959. Determine x(139).
-4
Let l(y) = 5*y**2 - 269*y - 50. What is l(54)?
4
Let b(w) = -w**3 + 69*w**2 - 196*w - 101. Determine b(66).
31
Let k(g) = -g**3 - 11*g**2 - 32*g - 28. What is k(-7)?
0
Let v(r) = -161*r + 1548. Give v(10).
-62
Let f(b) = 11*b + 163. Give f(-21).
-68
Let y(i) = -6*i**2 + 5*i - 36. Calculate y(0).
-36
Let v(l) = 7*l**2 - 9*l - 9. Give v(5).
121
Let m(y) = -y**3 + 43*y**2 - 154*y - 46. Calculate m(39).
32
Let j(h) = 1507*h + 25622. Determine j(-17).
3
Let u(i) = i**3 + 4*i**2 - 9*i + 40. What is u(-9)?
-284
Let n(d) = -d**3 - 12*d**2 - 43*d - 36. Calculate n(-6).
6
Let b(q) = 34*q - 5. Give b(0).
-5
Let c(g) = -g**3 + 12*g**2 - 16*g + 44. Calculate c(11).
-11
Let s(v) = v**3 + 139*v**2 - 420*v + 847. Calculate s(-142).
-5
Let s(i) = i**2 - 321*i - 2634. Determine s(-8).
-2
Let d(i) = -3*i**3 - i**2 - 28*i - 52. Give d(-2).
24
Let f(c) = 9*c - 390. What is f(12)?
-282
Let w(g) = 9*g**2 + 163*g - 76. Give w(-18).
-94
Let k(u) = 2*u**2 - 41*u + 201. What is k(10)?
-9
Let q(k) = -k**3 + 6*k**2 + 10*k - 36. Give q(5).
39
Let w(x) = x**3 + 4*x**2 - 16*x - 50. Calculate w(-5).
5
Let u(b) = 1081*b - 8640. What is u(8)?
8
Let y(p) = -172*p + 4670. Calculate y(27).
26
Let t(m) = -10*m - 442. Give t(-46).
18
Let z(n) = 4*n**2 + 637*n - 1914. What is z(3)?
33
Let u(a) = 117*a**2 + 41*a + 43. Calculate u(-1).
119
Let a(s) = s**2 - 214*s - 1476. Give a(-7).
71
Let k(m) = m**3 - 9*m**2 + 39*m - 43. Calculate k(3).
20
Let o(f) = -f**3 - 54*f**2 - 241*f - 21. Calculate o(-5).
-41
Let m(f) = -150*f + 316. Calculate m(0).
316
Let v(q) = -q**3 - 29*q**2 + 39*q + 141. Determine v(-30).
-129
Let i(a) = -a**2 - 36*a + 2. Determine i(-38).
-74
Let a(m) = -10*m**2 - 74*m - 95. Determine a(-7).
-67
Let s(n) = -n**3 + 2*n**2 - 5*n + 7. What is s(3)?
-17
Let f(h) = 73*h - 491. Calculate f(5).
-126
Let a(k) = -2002*k + 2127. Give a(1).
125
Let f(z) = 12*z + 6. Calculate f(6).
78
Let t(a) = 517*a + 3634. Determine t(-7).
15
Let i(p) = p**3 + 23*p**2 + 3*p - 261. Calculate i(-22).
157
Let q(p) = -p**3 + 96*p**2 - 3*p + 283. What is q(96)?
-5
Let y(l) = 11636*l + 69820. Give y(-6).
4
Let h(i) = -i**3 + 162*i**2 - 2201*i - 583. Calculate h(147).
5
Let p(w) = -96*w - 249. What is p(-4)?
135
Let l(n) = n**3 - 16*n**2 - 67*n + 197. Calculate l(19).
7
Let t(m) = -115*m + 2753. Determine t(24).
-7
Let z(x) = 5*x**2 - 20*x + 2. What is z(6)?
62
Let b(w) = 4*w**2 + 38*w + 153. Determine b(-4).
65
Let a(y) = -y**2 - 12*y + 40. What is a(-14)?
12
Let n(o) = -303*o + 5451. Give n(19).
-306
Let h(c) = -2*c**3 - 74*c**2 - 223*c - 8252. Determine h(-37).
-1
Let q(v) = -2*v**2 + 100*v + 54. What is q(49)?
152
Let n(i) = -747*i - 5967. Calculate n(-8).
9
Let d(x) = x**3 + 32*x**2 + 151*x - 130. Give d(-26).
0
Let s(o) = -150*o + 289. Give s(2).
-11
Let m(u) = 9*u**2 + 965*u + 200. Calculate m(-107).
-14
Let a(v) = 3011*v - 4. Give a(0).
-4
Let i(s) = 1248*s - 7492. What is i(6)?
-4
Let r(o) = o**2 + 46*o - 2382. Calculate r(31).
5
Let o(j) = 59*j**2 - 3*j - 6. Determine o(0).
-6
Let r(h) = h**3 + 16*h**2 + 72*h - 8. Give r(-11).
-195
Let d(j) = -j**3 + 2*j**2 + 13*j + 10. What is d(6)?
-56
Let i(t) = 4*t**2 + 97*t - 975. Determine i(-32).
17
Let v(b) = 38*b**3 + b**2 - 4*b - 11. Give v(-2).
-303
Let h(f) = -3*f**2 + 453*f + 911. Determine h(-2).
-7
Let a(z) = z**3 + 3*z**2 + 16*z - 74. Determine a(4).
102
Let f(s) = -26*s + 1610. Calculate f(76).
-366
Let l(y) = -29*y - 106. What is l(5)?
-251
Let x(a) = -a**2 + 74*a - 498. What is x(13)?
295
Let r(h) = 62*h**2 - 233*h - 7. Determine r(3).
-148
Let r(f) = f**3 - 8*f**2 + 5*f. Give r(5).
-50
Let r(a) = 61*a**2 - 15310*a - 246. Calculate r(251).
5
Let r(i) = 17*i + 435. Give r(-47).
-364
Let z(g) = -g**2 - 129*g + 7369. Give z(-172).
-27
Let j(n) = -n**3 + 31*n**2 + 40*n - 178. Calculate j(32).
78
Let o(g) = -52*g*